 -s. Calculate the highest common divisor of s and 12.
4
Suppose -d - 9 = -4*d. Calculate the highest common factor of d and 3.
3
Let r(x) = 12*x + 68. Let u be r(-5). Suppose -v + 32 = -0*v. What is the greatest common divisor of u and v?
8
Let x(z) = -5*z + 2. Let v be (-3 - -3) + 1 + -3. Let n be x(v). Calculate the greatest common divisor of 3 and n.
3
Let z be 2/12 - (-1430)/60. What is the highest common factor of z and 16?
8
Suppose 5*i + 3*k - 18 = 0, 2*k = i + 2*i - 7. Suppose 3*r + 3*c - 51 = 0, -8*r + 2*c + 78 = -i*r. Calculate the highest common factor of r and 8.
8
Let f = 229 - 117. What is the highest common divisor of f and 16?
16
Suppose k + 0*k + 102 = 3*a, -k - 104 = -4*a. Let p = k + 146. What is the greatest common divisor of 20 and p?
10
Let d = 6 - 21. Let f = -7 - d. Calculate the greatest common divisor of 72 and f.
8
Suppose 0 = 5*p - 58 - 2. Calculate the highest common factor of 6 and p.
6
Suppose 0 - 1 = -v. Let l = 2 - -1. Suppose k - 4*y + 4 = -3*k, -l*y + 4 = -2*k. Calculate the highest common divisor of k and v.
1
Let d be 4 - 20 - (-2 - -1). Suppose 3*l = 2 + 7, 0 = -j + l + 3. Let q be (44/(-5))/(j/d). What is the greatest common factor of 154 and q?
22
Suppose -c + 2*x = -8, -2*c + 6*c + 3*x = -1. Let m = c - 1. Let b be 5*(m + (-166)/(-10)). What is the greatest common factor of b and 11?
11
Let m be (-3)/4 + 357/28. What is the highest common factor of 132 and m?
12
Suppose -5 = -4*t + 23. Suppose -9 = -3*r - 3*n, -r + 3*r - 9 = n. Let u be r/6*3 - -5. Calculate the greatest common divisor of t and u.
7
Let y(u) = -22*u - 12. Let i be y(-6). What is the highest common factor of 48 and i?
24
Suppose -5*t + 307 = 27. Calculate the greatest common factor of 28 and t.
28
Suppose 0*b - 5*b = -90. Let k be 3 - (-7)/(21/72). Calculate the greatest common divisor of b and k.
9
Let v be 0*(1 + 6/(-4)). Suppose 2*w - 8 - 22 = v. Let k = 7 + -4. Calculate the highest common divisor of k and w.
3
Suppose -3*j - j = -4. Let r = j + 0. What is the highest common divisor of 8 and r?
1
Let c(u) = 44*u**2 + 3*u + 5. Let t be c(-2). What is the greatest common divisor of 70 and t?
35
Let a(f) = -31*f**3 - f**2 - 2*f. Let u be a(-1). Let x be (-2)/(1 - (-6)/(-4)). Calculate the highest common divisor of x and u.
4
Let p = -1 + 1. Let j(z) = -z**2 + 8*z - 5. Let l be j(6). Let b = l + p. What is the greatest common factor of 7 and b?
7
Let a = 18 + -18. Suppose -2*j + t + 47 = a, -3*j = -4*t + 5*t - 63. Calculate the greatest common factor of 22 and j.
22
Suppose -4*j - 206 = -t, 10*t - 3*j + 843 = 14*t. What is the greatest common divisor of 84 and t?
42
Let v(k) = 3*k - 13. Let o be v(9). What is the highest common factor of 42 and o?
14
Let g(y) be the first derivative of 3/2*y**2 - 7*y - 2. Let r be g(7). What is the greatest common factor of 14 and r?
14
Let g = 14 - -34. Suppose -3*v - 4*r + 48 = -v, 0 = -2*v - 2*r + g. What is the greatest common divisor of v and 60?
12
Suppose -4*l - 45 = 3*v - 140, -5*v - 145 = -5*l. Suppose 0*q + 5*q = 3*k + 42, -5*q + l = k. Calculate the highest common factor of q and 48.
6
Let c(s) be the second derivative of s**5/20 + s**4/4 + 2*s**3/3 - s**2 + s. Let y be c(4). Suppose 2*i - 38 = -2. What is the highest common factor of y and i?
18
Suppose 4*a + 3*m - 21 = a, a - 5*m + 17 = 0. Let j = 8 - a. Let h(o) = 2*o**2 + 3*o + 1. Let t be h(4). Calculate the greatest common divisor of j and t.
5
Let q(t) = 14*t**2 + t - 1. Let w be q(1). Suppose -5*m + 105 = -2*m. What is the highest common divisor of w and m?
7
Suppose -3*s = -3*x - 18, -3*s + 3*x + 33 = 5*x. Let z be (-179)/(-4) - (-2)/8. What is the highest common factor of z and s?
9
Let z be 1/(((-1)/3)/(110/(-15))). Calculate the greatest common factor of z and 11.
11
Let i(f) = f**3 - 2*f**3 - 153 + 4*f**2 + 147. Let m be i(3). Calculate the highest common factor of m and 2.
1
Suppose -26 = -3*k + 19. Suppose 4*h - 25 = 9*h + 4*l, 3*l = 3*h + k. Let q(b) = b**2 + 3*b - 1. Let u be q(h). What is the greatest common factor of u and 54?
9
Let j be 180/25*((-25)/2)/(-5). What is the highest common divisor of 24 and j?
6
Suppose 6*i + 6*i - 216 = 0. Let s = 6 + 0. Calculate the greatest common factor of s and i.
6
Let y = 7 - 4. Let o(h) = -h**2 - 6*h - 8. Let j be o(-3). What is the highest common factor of j and y?
1
Suppose 7*d = 3*d + 364. What is the greatest common divisor of 13 and d?
13
Let a(c) = 29*c**2 + 2*c - 1. Let k(v) = v**2 - 6*v - 6. Let f be k(7). Let p be a(f). Let j = 70 - p. What is the greatest common factor of 16 and j?
8
Let z = -53 - -77. Calculate the greatest common factor of 60 and z.
12
Let n(c) = -c**2 - 2*c. Let r be n(-2). Suppose 9*m - 4*m - 80 = r. Calculate the greatest common factor of m and 4.
4
Let u = 17 - 2. What is the highest common factor of u and 60?
15
Let b be ((-108)/10)/((-2)/5). Calculate the greatest common divisor of b and 36.
9
Let a be (-11432)/(-32) + -6 - 3/(-4). Calculate the highest common factor of 22 and a.
22
Let l be (-76)/(-5) + (1/5)/(-1). Calculate the highest common divisor of l and 105.
15
Suppose 60 = 3*j - 3*c, -5*c = 3*j - 29 - 15. What is the greatest common divisor of j and 36?
18
Suppose 18 = 2*i + 2*c, c - 13 = -3*i + 22. Calculate the highest common factor of i and 221.
13
Let h = -3 - -7. Suppose -180 = -o - h*o. Let p(v) = 2*v**2 - v - 2. Let y be p(2). What is the highest common divisor of y and o?
4
Let x be ((-3)/9)/((-2)/6). Suppose -29*b = -25*b - 36. What is the highest common divisor of b and x?
1
Suppose a + 3 - 33 = 0. Let c = -642 + 657. What is the greatest common factor of c and a?
15
Let x = 1 + -3. Let f be (-447)/(-21) + x/7. What is the greatest common divisor of f and 7?
7
Let c = 17 - 17. Suppose c = -4*w + 544 - 148. What is the greatest common divisor of w and 9?
9
Let d(x) = 2*x**3 - 3*x**2 + 2*x - 3. Let v be d(2). Suppose 5*q + 225 = v*p, 4*p + 2*q - 181 = 5*q. Calculate the highest common divisor of p and 23.
23
Let j(z) = z**3 - z**2 - z + 1. Let u(p) = -5*p**3 + 3*p + 1. Let h(d) = 6*j(d) + u(d). Let t be h(7). Calculate the greatest common divisor of 5 and t.
5
Let x(y) = -y**3 - 4*y**2 - 2*y - 2. Let r be x(-4). Suppose 2*n - 12 = -0. Calculate the greatest common factor of n and r.
6
Suppose 5*t - 20 = 0, i - 46 = -3*t - 19. What is the highest common divisor of 120 and i?
15
Suppose -n - 3 + 12 = 0. Let k be 2/n - (-42)/54. What is the greatest common factor of k and 7?
1
Let c be (1 - 2)/((-6)/120). Calculate the greatest common divisor of c and 140.
20
Suppose 0*i - i + 42 = 0. What is the greatest common factor of i and 378?
42
Suppose -m - 1 = -r + 2, 0 = r - 4*m - 3. Calculate the highest common divisor of r and 12.
3
Let r(l) = -2*l - 4. Let w be r(-6). Suppose -2*g + 40 = -0*g - 3*x, -2*g - 4*x = -40. Calculate the greatest common divisor of g and w.
4
Let j be (1*-2)/((-4)/22). Let u(o) = -o**3 + o**2 + o + 5. Let w be u(0). Suppose 264 = w*g - g. What is the highest common divisor of j and g?
11
Suppose -12*f + 9*f + 123 = 0. Suppose -4*p - s + f = 12, 0 = -4*s + 20. What is the greatest common factor of 3 and p?
3
Let g be (-1)/3*(-49 - 2). Calculate the highest common divisor of 17 and g.
17
Let v be 5 - 0 - (1 - -1). Suppose 0 = -5*t - 4*n + 3*n - 40, 0 = t - 2*n - 3. Let k = t + 10. Calculate the highest common factor of v and k.
3
Suppose 5*s - 6*i - 381 = -2*i, 5*i = 2*s - 149. Calculate the greatest common factor of 7 and s.
7
Suppose 0*j - 16 = -2*j. What is the greatest common divisor of 2 and j?
2
Let d be (-4 - -2)/((-4)/18). Let f be (1 - 1 - 27) + -1. Let x = f + 127. What is the highest common divisor of x and d?
9
Let z = 16 - -7. Calculate the greatest common factor of z and 23.
23
Let y(p) = -p - 3. Let w be y(-5). Suppose 54 = n + w*n. Calculate the greatest common factor of 27 and n.
9
Let s = 2 + -1. Let n be (-6)/(s*-3) + 0. Suppose 3*k = n*k + 81. What is the greatest common factor of k and 9?
9
Let d = 125 + -122. Let v be (-1)/(-3) - (-16)/6. Calculate the greatest common factor of d and v.
3
Let b(a) = 2*a + 38. Let c be b(-18). What is the greatest common factor of c and 2?
2
Let t be 3 + 1/2*(66 - 6). Let p(u) = -u**3 - 5*u**2 - 6*u - 2. Let o be p(-4). Let d = o + -3. Calculate the highest 